a) = a**3 - 25*a**2 + 2*a - 47. List the prime factors of s(25).
3
Let s(f) = f**2 - 2*f - 7. What are the prime factors of s(19)?
2, 79
Let r be 3*(-2 - 30/(-9)). Suppose -r + 19 = 3*v. What are the prime factors of v?
5
Suppose -3*f - 3*t = -110 - 421, f - 171 = -4*t. Suppose -171 = -5*w - i - i, -2*i = -5*w + f. List the prime factors of w.
5, 7
Suppose 4*y - 3*y = 57. What are the prime factors of y?
3, 19
Let y = -47 + 26. Let p = 35 + y. List the prime factors of p.
2, 7
Suppose -13 = -3*i - 1. Suppose 0 = 2*c + 40 - i. Let s = 31 + c. List the prime factors of s.
13
Suppose 0 = 8*k + 7*k - 5295. What are the prime factors of k?
353
Let f = 6 - 4. Suppose -4*w + 42 = -2*l, -3 - f = l. What are the prime factors of w?
2
Let g(i) = 7*i**2 - 2*i - 3. What are the prime factors of g(3)?
2, 3
Suppose s + 14 = -4*p, 4*s + 2*p + 14 = -0*s. Let k(w) = w**3 - 6*w**2 - 5. Let o be k(5). What are the prime factors of ((-2)/(-5))/(s/o)?
2, 3
Let x be (1 - 3) + 0 + -4. Let i be (37/(-3))/(2/x). Suppose -2*q + 0*l = 2*l - 30, -3*q - l = -i. List the prime factors of q.
11
Suppose -g = -4*v + 14, 7 = v + 4*v + 4*g. Suppose -5*b + 0*u - 440 = -u, -430 = 5*b - v*u. List the prime factors of 12/42 - b/7.
13
Let q(d) = -d - 1. Let i(j) be the first derivative of 10*j**2 + 16*j + 3. Let h(v) = -i(v) - 16*q(v). List the prime factors of h(-2).
2
Suppose 9 = -2*r + 43. Suppose h - 34 = 2*i + r, -3*h = -3*i - 153. What are the prime factors of h?
3, 17
Let x = 1 - 0. Let m = x - -3. Let q = m - -2. What are the prime factors of q?
2, 3
Suppose -2*m + 2 + 12 = 0. Let b be (m - 1)*1 - 2. Suppose -u + 2*o + 18 = -2*o, -b*u - o + 4 = 0. What are the prime factors of u?
2
Let j = -13 + 0. Suppose -h + 35 - 15 = 0. Let b = j + h. What are the prime factors of b?
7
Suppose 0 = -4*j + h - 1153, -2*h + 4 = 2. Let y be j/28 - (-4)/14. List the prime factors of 0 - -2 - y/2.
7
Let s be 2/(-5) - (-1285)/25. Suppose -4*z = 4*t - t - 87, 2*z + 3*t = s. Suppose -3*a + 30 = -0*a + 3*n, z = a - 3*n. What are the prime factors of a?
2, 3
Suppose 5*u - 5 + 11 = b, -u - 14 = -b. Let w = -10 + b. What are the prime factors of w?
2, 3
Let c = 164 - 67. What are the prime factors of c?
97
Let p(z) = z**2 + 13*z + 12. Let u be p(-12). What are the prime factors of 11 - (-2 + u + -1)?
2, 7
Suppose 0 = 3*l - 37 - 59. Suppose 2*p - l = -5*y, p - 5*p + 100 = y. List the prime factors of p.
2, 13
Suppose 0 = -0*g - 3*g + 12. Suppose -2*c = 4*d + 3*c - 51, 5*d - 33 = g*c. List the prime factors of d.
3
Let u be (-228)/(-14) + 12/(-42). Suppose -j = -3*m - u, 3*j - 2*m - 29 = -9. List the prime factors of j.
2
Suppose 0*w + 8 = 2*w. Suppose -29 = w*m - 85. List the prime factors of m.
2, 7
Let i(k) = -3*k**3 + 1. Suppose 0 = -5*p - 5*m + 45, 7*m = 4*p + 4*m - 1. Suppose g + p = -3*g. What are the prime factors of i(g)?
2
Let s be 2/6 - (-2)/(-6). Suppose 2*a - 12 = d, 5*d = -s*a - a + 28. List the prime factors of a.
2
Let t = -16 + 73. What are the prime factors of t?
3, 19
Let a be 60 - (-6)/(-8)*4. Let s = a - 17. What are the prime factors of s?
2, 5
Let k(u) = -u**2 + 2*u + 3. Let a be k(3). What are the prime factors of 2/(a - 2) - -13?
2, 3
Let n be 2/8 + (-25)/4. What are the prime factors of (2 - 0)*(-27)/n?
3
Let d(f) = -23*f**3 + f**2 - 1. Let v be (-3 + 1)*(-2)/(-4). What are the prime factors of d(v)?
23
Suppose r - c - 14 = 0, -r - 14 = -2*r - 5*c. List the prime factors of r.
2, 7
Suppose f - 107 = -4*m, 0 = 3*m + 2*f - 4*f - 94. What are the prime factors of m?
2, 7
Let z(j) = 4*j - 42. List the prime factors of z(17).
2, 13
Let c = 10 + -7. Suppose a = 16 - c. List the prime factors of a.
13
Let l = -33 - -49. Suppose -2*w + 6*w = l. What are the prime factors of w?
2
Let q(x) = x - 7*x**3 + 3*x**2 + 6*x**3 + x**2 - 2 + 2*x. Let s(o) = -5*o**3 + o. Let z be s(-1). List the prime factors of q(z).
2, 5
Suppose g = -14 + 12. Let o(x) = -6*x**3 - 2*x**2 + x + 1. List the prime factors of o(g).
3, 13
Let w = 112 - -9. What are the prime factors of w?
11
Let n be (-9)/(-6)*4/(-3). Let y be 3 - -1 - (-2)/n. Suppose -3*u - 12 = 2*f - y*f, 0 = -4*u. What are the prime factors of f?
2, 3
Suppose 148 = 3*l + 4*t, -3*l - 2*t + 140 = -0*t. What are the prime factors of l?
2, 11
Suppose 5*u - 5*o - 40 = 0, -8*u - 4*o = -3*u + 5. Suppose -3*s - 12 = -2*q + s, 0 = -2*q + u*s + 9. Suppose -t + 7 + 4 = q. What are the prime factors of t?
11
Let u = 40 - 13. What are the prime factors of u?
3
Let t be (-1)/(-2) - 45/(-10). Let n = -8 + t. Let p = 6 - n. What are the prime factors of p?
3
Suppose -4*d - d + 135 = 0. Suppose -a - d = -4*a. What are the prime factors of a?
3
Suppose 0*u = -5*j - 3*u - 41, -4*j - 46 = -2*u. What are the prime factors of (0 + 1)/((-2)/j)?
5
Let g(b) = -b**3 - 6*b**2 - 4*b + 2. Let r be g(-6). Let w be (-2)/(-4) + r/(-4). Let u = w + 8. List the prime factors of u.
2
Let y(x) = 5*x**2 - x + 17. List the prime factors of y(5).
137
Suppose -79 = -2*z + 3*y, 2*y + 2 = -4. What are the prime factors of z?
5, 7
Let k(j) be the third derivative of -j**5/60 + j**4/6 - j**3/3 - 2*j**2. Let g be k(3). What are the prime factors of g/4 - 7/(-4)?
2
Suppose -3*w - 2*w + 1452 = -4*h, 0 = -2*w + 5*h + 591. List the prime factors of w.
2, 3
Suppose 0 = 5*r - 6*r + 2. Suppose y - l - 115 = -3*y, -r*l = 5*y - 134. What are the prime factors of y?
2, 7
Let g = 30 + -50. Let c = g - -80. Suppose -5*h - 20 = -c. What are the prime factors of h?
2
Let b be 1/(-3) - 95/(-15). Let w be 4*(-9)/(-4)*b. What are the prime factors of -2 - (-1)/(3/w)?
2
Let o = 101 - -9. Suppose -3*t + 58 + o = 0. What are the prime factors of t?
2, 7
Let i = 126 - 82. Let t = 11 + -9. Suppose -3*x = -i + t. List the prime factors of x.
2, 7
Suppose w + 32 = 5*w. What are the prime factors of w?
2
Suppose x = -4 - 28. Let s = x - -66. What are the prime factors of s?
2, 17
What are the prime factors of 42*(26/14 + -1)?
2, 3
Suppose b + 4*b + 35 = 0. Let y(x) = 6*x**2 + x**3 - 3*x - 5*x - 4 + 10. List the prime factors of y(b).
13
Let j(z) = -5*z**2 - z - 6. Let y be j(5). What are the prime factors of -2 - y/4*1?
2
Let n(h) = h - 1. Let k be n(-1). Let q be (-4)/(-3)*(-3)/k. What are the prime factors of (2/(-5))/(q/(-70))?
2, 7
Suppose -4*o + 0*r = -3*r - 484, -4*r = -16. What are the prime factors of o?
2, 31
Let y(g) = 6*g - 4. List the prime factors of y(3).
2, 7
Let k be 25/6 + (-2)/12. Suppose -d = j - k*d - 15, 0 = -2*j + 2*d + 26. List the prime factors of j.
2, 3
Let u(t) = 2*t - 4. Let q be u(3). Suppose 0*g + 16 = q*p + 3*g, 0 = 4*p + 2*g - 32. What are the prime factors of p?
2
Let a(q) = -q**2 - 13*q - 11. What are the prime factors of a(-10)?
19
Let v(w) = w**2 - 2*w + 4. Let i be v(3). Suppose i*k = 5*k + 32. List the prime factors of k.
2
Suppose g - 145 = -4*g. List the prime factors of g.
29
Let m(z) = z**2 + 11*z + 14. Let g be m(-10). Let i = g + -1. What are the prime factors of i?
3
Let k(u) = u**2 + 5*u - 3. Let x be k(-6). Suppose 7*m = x*m + 16. What are the prime factors of m?
2
Let q(r) = -r**3 + 9*r**2 - 7*r + 5. Suppose -j = 1 - 9. Let n be q(j). Let t = n + -8. List the prime factors of t.
5
Let s(y) = 5*y**3 - y**2 - 3*y + 1. What are the prime factors of s(2)?
31
Let r(i) = 2*i**3 - 7*i**2 + 6*i - 3. Let z be r(5). What are the prime factors of (1/2)/(3/z)?
17
Let f = 65 + 10. What are the prime factors of f?
3, 5
Let a = 555 - 357. List the prime factors of a.
2, 3, 11
Let k = -92 - -147. List the prime factors of k.
5, 11
What are the prime factors of (7/(28/544))/2?
2, 17
Let d(k) = 61*k - 2. What are the prime factors of d(1)?
59
Suppose 12*w - 3*w = 945. What are the prime factors of w?
3, 5, 7
Let r(f) = -f**2 + 9*f + 3. Let k be r(9). Suppose -z = k*n - 16, 5*n = 4*z + 9 + 12. Let b = n - -7. List the prime factors of b.
2, 3
Suppose -5*v + 225 = -0*v. Let n = -8 - -11. Suppose n*z = v - 15. What are the prime factors of z?
2, 5
Suppose 3*f - 7*f - 36 = 0. List the prime factors of 2/f - 2104/(-72).
29
Let n be ((-16)/10)/((-10)/25). Suppose -n*w - 7 = -5*i, 0*i - 2*i = -4*w + 2. What are the prime factors of w?
2
Let f = 62 + -21. What are the prime factors of f?
41
Suppose -7*m - 8*m = -2550. List the prime factors of m.
2, 5, 17
Let o be (-4)/1*27/(-6). Let t = 3